 is -10211 - -20301?
10030
In base 13, what is 68bb - -1a?
6908
In base 13, what is -2 - 83297?
-83299
In base 4, what is 1131321 - -323?
1132310
In base 15, what is -48d - -25?
-468
In base 13, what is 2 - -78341?
78343
In base 15, what is 40750 + d?
4075d
In base 6, what is 12 - -353331?
353343
In base 16, what is -db90 + -1?
-db91
In base 9, what is 13547 + 54?
13612
In base 10, what is 32717 + 3?
32720
In base 7, what is -4 + 10542021?
10542014
In base 13, what is b + -3988?
-397a
In base 4, what is 21 + -21232010?
-21231323
In base 5, what is -4 + -31012?
-31021
In base 9, what is -3833 + -1273?
-5216
In base 13, what is c9 + 15cc?
16c8
In base 5, what is 40320 + 2143?
43013
In base 6, what is -3 - -40300?
40253
In base 13, what is -1 - 158a4?
-158a5
In base 7, what is 21555603 + -3?
21555600
In base 3, what is -2000202112 - -1121?
-2000200221
In base 6, what is 34052223 - -3?
34052230
In base 6, what is -4 - 3443115?
-3443123
In base 13, what is 7399 - 20?
7379
In base 10, what is -1 - 200715?
-200716
In base 3, what is -10112 - 200?
-11012
In base 9, what is 22806 - -11?
22817
In base 11, what is 3 + -2a8?
-2a5
In base 7, what is 23106 + 3?
23112
In base 14, what is -2 - 1d4a?
-1d4c
In base 6, what is 1504011 + 0?
1504011
In base 10, what is -1045 + -104?
-1149
In base 2, what is -1110010011100 - 11?
-1110010011111
In base 13, what is 30482 + 4?
30486
In base 2, what is 11011010 - 101111111110?
-101100100100
In base 6, what is -20431330 - 1?
-20431331
In base 10, what is 8 + -1075?
-1067
In base 2, what is 100011011 + 1011011110110?
1100000010001
In base 16, what is 1 - -94ef?
94f0
In base 2, what is 110 - 1110101101110001?
-1110101101101011
In base 16, what is 190 + 2e1?
471
In base 2, what is -10100110101 - 11?
-10100111000
In base 14, what is -db + -2?
-dd
In base 3, what is 1120122221100 + -12?
1120122221011
In base 7, what is -1461 - 223?
-2014
In base 6, what is 51511 + 515?
52430
In base 16, what is 8f - 66a6?
-6617
In base 15, what is c - -11308?
11315
In base 6, what is -413123 - -24?
-413055
In base 14, what is 4a - -1719?
1765
In base 11, what is -320 - 10829?
-11049
In base 5, what is 342 - 31413?
-31021
In base 16, what is 82e8 - 2?
82e6
In base 14, what is 25 + ad?
d4
In base 8, what is 11 + -11663?
-11652
In base 4, what is 3120023 + 11?
3120100
In base 14, what is -20 + 5d?
3d
In base 3, what is -12 - -11001100121?
11001100102
In base 14, what is -b - -1ad1?
1ac4
In base 9, what is 575 + -735?
-150
In base 4, what is -321102 + -310?
-322012
In base 4, what is -10 - -1210001223?
1210001213
In base 16, what is c83b + 1?
c83c
In base 6, what is 5 - 13322012?
-13322003
In base 10, what is 4451 - -110?
4561
In base 3, what is 1111021100021 + 100?
1111021100121
In base 3, what is -10220122002 - -101?
-10220121201
In base 2, what is -100011100 + 1100111011011?
1100010111111
In base 10, what is 23 + 41472?
41495
In base 11, what is 8a7 + -933?
-37
In base 14, what is -bcac + 19?
-bc93
In base 16, what is -5762 + -6?
-5768
In base 2, what is -10101101111 + -10101?
-10110000100
In base 12, what is 19b - -60a?
7a9
In base 13, what is 2 + -22084?
-22082
In base 5, what is 14011 - -1244?
20310
In base 16, what is -209 - -5d?
-1ac
In base 16, what is -1 - 5848?
-5849
In base 6, what is -204403 - -10?
-204353
In base 8, what is 0 + 70043?
70043
In base 12, what is 1b - -18005?
18024
In base 15, what is -1e1d + -35?
-1e53
In base 12, what is 5 + -14902?
-148b9
In base 11, what is 177 - 52a?
-363
In base 6, what is 332 + -45431?
-45055
In base 12, what is 73 + -8b0?
-839
In base 12, what is -2090 - -3?
-2089
In base 16, what is -196 - -37?
-15f
In base 5, what is -12431240 - -1?
-12431234
In base 7, what is -161640 - -3?
-161634
In base 15, what is 4dd85b - 1?
4dd85a
In base 4, what is -23030 + 222003?
132313
In base 10, what is -7 - 192905?
-192912
In base 15, what is -1d - 279?
-297
In base 6, what is 555 - -420?
1415
In base 3, what is -21020101 + 21?
-21020010
In base 2, what is -101 + -101100100101101011?
-101100100101110000
In base 13, what is -3 - -18046?
18043
In base 10, what is 4 + -1232087?
-1232083
In base 14, what is 91dd0 + 1?
91dd1
In base 4, what is 20322 - -3200?
30122
In base 13, what is 6 - 13069?
-13063
In base 4, what is -1033020 - -11?
-1033003
In base 4, what is 2 - 10122301?
-10122233
In base 2, what is 1101101000100 + 1001110?
1101110010010
In base 13, what is 93 - 8059?
-7c96
In base 3, what is -1000002 + -2122100?
-10122102
In base 12, what is 586 - 155?
431
In base 2, what is 10011110100 - 10111000000?
-11001100
In base 8, what is 3167 + 3150?
6337
In base 5, what is 114322132 - -2?
114322134
In base 16, what is -8c09d - -3?
-8c09a
In base 16, what is -175d - b?
-1768
In base 2, what is 100 - -10011001011011?
10011001011111
In base 6, what is 5 - 13015102?
-13015053
In base 3, what is -10 + 1000011012002?
1000011011222
In base 14, what is -8 - -15bc?
15b4
In base 13, what is 4 - -6504?
6508
In base 11, what is 876a4 - -2?
876a6
In base 2, what is 1110001111000011100 - -101?
1110001111000100001
In base 15, what is -3 + d247?
d244
In base 9, what is 8737 - -12?
8750
In base 3, what is 1020012001201 - -2?
1020012001210
In base 4, what is -231000 - 20002?
-311002
In base 13, what is 5c6 - 344?
282
In base 10, what is 33308 + 3?
33311
In base 13, what is 1682a6 + -5?
1682a1
In base 13, what is 43c025 + 5?
43c02a
In base 3, what is -1022 + 10222110?
10221011
In base 2, what is 1011100000001 - -1010?
1011100001011
In base 7, what is 4 + -346232?
-346225
In base 10, what is 393 + 392?
785
In base 3, what is 212101102111000 - 10?
212101102110220
In base 10, what is 165712 - 27?
165685
In base 7, what is -4614421 + 0?
-4614421
In base 6, what is 115 - -102501?
103020
In base 16, what is b + -1f61?
-1f56
In base 7, what is -13006 + 5?
-13001
In base 2, what is -10011111001000001 - 0?
-10011111001000001
In base 7, what is 1 + 166362?
166363
In base 5, what is -11 - 10201033?
-10201044
In base 13, what is 1 - -179a8?
179a9
In base 3, what is 11 + -2110001121?
-2110001110
In base 12, what is 8042 + 9?
804b
In base 4, what is -12301 + 32333?
20032
In base 4, what is -1 - 1321110?
-1321111
In base 9, what is -7676 - 213?
-8000
In base 14, what is -c4 + -7856?
-793a
In base 9, what is -143 - 128?
-272
In base 2, what is -1010100 + -101011100010?
-101100110110
In base 7, what is -6305 + -126?
-6434
In base 12, what is 2 - 8045?
-8043
In base 7, what is -2 - -5254?
5252
In base 7, what is 11013540 - -5?
11013545
In base 2, what is 1000100001011000101 + -11?
1000100001011000010
In base 3, what is -122002 - 11122120?
-12021122
In base 7, what is -5 + -152444?
-152452
In base 12, what is -3a6 - -5a41?
5657
In base 8, what is 5 + 23167?
23174
In base 10, what is -656 + 264?
-392
In base 15, what is -68 - -174c?
16d4
In base 15, what is 14c035 + 3?
14c038
In base 12, what is 5 + -10a166?
-10a161
In base 10, what is 1784 + 100?
1884
In base 15, what is -19dd71 + 3?
-19dd6d
In base 2, what is -111011110001001 + 1?
-111011110001000
In base 9, what is 54 - -216?
271
In base 9, what is 684 - -1052?
1746
In base 8, what is -15 - -43467?
43452
In base 2, what is -1011 + -1011111111010000?
-1011111111011011
In base 7, what is -5463 + -311?
-6104
In base 2, what is -10111 + -10110011001001001?
-10110011001100000
In base 7, what is -5 + -6162?
-6200
In base 10, what is -6 - -1278?
1272
In base 16, what is 1 + -e133?
-e132
In base 5, what is 2 - -2313311?
2313313
In base 3, what is 1001202 - 20011?
211121
In base 12, what is -12 - 37b8?
-380a
In base 9, what is -230671 - 4?
-230675
In base 4, what is 11 - 3003203?
-3003132
In base 13, what is -1a0 - c2?
-292
In base 11, what is -a3 - 304?
-3a7
In base 15, what is 0 + -3e131?
-3e131
In base 15, what is -6d9 - 21?
-70a
In base 16, what is -29cb7f - 5?
-29cb84
In base 12, what is 2 + -10662?
-10660
In base 7, what is -3 - 4401230?
-4401233
In base 11, what is -2588 + 60?
-2528
In base 10, what is 822 + -28?
794
In base 3, what is -21020 - -21112012?
21020222
In base 12, what is -2a16 - -21?
-29b5
In base 10, what is 142 + -27?
115
In base 7, what is 422402 - 20?
422352
In base 11, what is -32 - 24578?
-245aa
In base 8, what is -242 - -10506?
10244
In base 4, what is -2 + -23000031?
-23000033
